[INFO] cloning repository https://github.com/Lighty0410/exonum-heloworld
[INFO] running `Command { std: "git" "-c" "credential.helper=" "-c" "credential.helper=/workspace/cargo-home/bin/git-credential-null" "clone" "--bare" "https://github.com/Lighty0410/exonum-heloworld" "/workspace/cache/git-repos/https%3A%2F%2Fgithub.com%2FLighty0410%2Fexonum-heloworld", kill_on_drop: false }`
[INFO] [stderr] Cloning into bare repository '/workspace/cache/git-repos/https%3A%2F%2Fgithub.com%2FLighty0410%2Fexonum-heloworld'...
[INFO] running `Command { std: "git" "rev-parse" "HEAD", kill_on_drop: false }`
[INFO] [stdout] d281ce1ebff15b2cd796257823accbcf64af3b55
[INFO] checking Lighty0410/exonum-heloworld against master#cfbc6d4cf1acbac5c025acf8ed68929caa551df3 for pr-75494-beta
[INFO] running `Command { std: "git" "clone" "/workspace/cache/git-repos/https%3A%2F%2Fgithub.com%2FLighty0410%2Fexonum-heloworld" "/workspace/builds/worker-7/source", kill_on_drop: false }`
[INFO] [stderr] Cloning into '/workspace/builds/worker-7/source'...
[INFO] [stderr] done.
[INFO] validating manifest of git repo https://github.com/Lighty0410/exonum-heloworld on toolchain cfbc6d4cf1acbac5c025acf8ed68929caa551df3
[INFO] running `Command { std: "/workspace/cargo-home/bin/cargo" "+cfbc6d4cf1acbac5c025acf8ed68929caa551df3" "read-manifest" "--manifest-path" "Cargo.toml", kill_on_drop: false }`
[INFO] started tweaking git repo https://github.com/Lighty0410/exonum-heloworld
[INFO] finished tweaking git repo https://github.com/Lighty0410/exonum-heloworld
[INFO] tweaked toml for git repo https://github.com/Lighty0410/exonum-heloworld written to /workspace/builds/worker-7/source/Cargo.toml
[INFO] crate git repo https://github.com/Lighty0410/exonum-heloworld already has a lockfile, it will not be regenerated
[INFO] running `Command { std: "/workspace/cargo-home/bin/cargo" "+cfbc6d4cf1acbac5c025acf8ed68929caa551df3" "fetch" "--locked" "--manifest-path" "Cargo.toml", kill_on_drop: false }`
[INFO] [stderr]     Blocking waiting for file lock on package cache
[INFO] [stderr]     Blocking waiting for file lock on package cache
[INFO] [stderr]  Downloading crates ...
[INFO] [stderr]   Downloaded zip v0.5.5
[INFO] [stderr]   Downloaded leb128 v0.2.4
[INFO] [stderr]   Downloaded exonum-build v1.0.1
[INFO] [stderr]   Downloaded exonum-crypto v1.0.0
[INFO] [stderr]   Downloaded protoc-rust v2.14.0
[INFO] [stderr]   Downloaded exonum-node v1.0.0
[INFO] [stderr]   Downloaded secret-tree v0.2.0
[INFO] [stderr]   Downloaded rust_decimal v1.5.0
[INFO] [stderr]   Downloaded rocksdb v0.13.0
[INFO] [stderr]   Downloaded exonum-derive v1.0.0
[INFO] [stderr]   Downloaded futures-retry v0.5.0
[INFO] [stderr]   Downloaded exonum-api v1.0.0
[INFO] [stderr]   Downloaded exonum-rust-runtime v1.0.0
[INFO] [stderr]   Downloaded serde_str v0.1.0
[INFO] [stderr]   Downloaded exonum-cli v1.0.0
[INFO] [stderr]   Downloaded exonum-system-api v1.0.0
[INFO] [stderr]   Downloaded pwbox v0.3.0
[INFO] [stderr]   Downloaded exonum-explorer v1.0.0
[INFO] [stderr]   Downloaded exonum-explorer-service v1.0.0
[INFO] [stderr]   Downloaded base64-serde v0.5.1
[INFO] [stderr]   Downloaded exonum-keys v1.0.0
[INFO] [stderr]   Downloaded exonum_libsodium-sys v0.0.23
[INFO] [stderr]   Downloaded bzip2-sys v0.1.8+1.0.8
[INFO] [stderr]   Downloaded protobuf-convert v0.4.0
[INFO] [stderr]   Downloaded exonum-merkledb v1.0.0
[INFO] [stderr]   Downloaded protoc v2.14.0
[INFO] [stderr]   Downloaded protobuf-codegen v2.14.0
[INFO] [stderr]   Downloaded exonum-proto v1.0.0
[INFO] [stderr]   Downloaded exonum v1.0.0
[INFO] [stderr]   Downloaded exonum-supervisor v1.0.0
[INFO] [stderr]   Downloaded librocksdb-sys v6.7.4
[INFO] [stderr]   Downloaded exonum_sodiumoxide v0.0.23
[INFO] [stderr]   Downloaded hex-buffer-serde v0.2.1
[INFO] [stderr]   Downloaded os_info v2.0.4
[INFO] running `Command { std: "docker" "create" "-v" "/var/lib/crater-agent-workspace/builds/worker-7/target:/opt/rustwide/target:rw,Z" "-v" "/var/lib/crater-agent-workspace/builds/worker-7/source:/opt/rustwide/workdir:ro,Z" "-v" "/var/lib/crater-agent-workspace/cargo-home:/opt/rustwide/cargo-home:ro,Z" "-v" "/var/lib/crater-agent-workspace/rustup-home:/opt/rustwide/rustup-home:ro,Z" "-e" "SOURCE_DIR=/opt/rustwide/workdir" "-e" "CARGO_TARGET_DIR=/opt/rustwide/target" "-e" "CARGO_HOME=/opt/rustwide/cargo-home" "-e" "RUSTUP_HOME=/opt/rustwide/rustup-home" "-w" "/opt/rustwide/workdir" "-m" "1610612736" "--user" "0:0" "--network" "none" "rustops/crates-build-env@sha256:a636fd89d022f18117e1dc8fb37a0a009933cdbbe082814857f0e2024962d47c" "/opt/rustwide/cargo-home/bin/cargo" "+cfbc6d4cf1acbac5c025acf8ed68929caa551df3" "metadata" "--no-deps" "--format-version=1", kill_on_drop: false }`
[INFO] [stdout] 76c6f04acbd61304521636c5ac29c5a94d9e80a91421782997d2415709e67da0
[INFO] [stderr] WARNING: Your kernel does not support swap limit capabilities or the cgroup is not mounted. Memory limited without swap.
[INFO] running `Command { std: "docker" "start" "-a" "76c6f04acbd61304521636c5ac29c5a94d9e80a91421782997d2415709e67da0", kill_on_drop: false }`
[INFO] running `Command { std: "docker" "inspect" "76c6f04acbd61304521636c5ac29c5a94d9e80a91421782997d2415709e67da0", kill_on_drop: false }`
[INFO] running `Command { std: "docker" "rm" "-f" "76c6f04acbd61304521636c5ac29c5a94d9e80a91421782997d2415709e67da0", kill_on_drop: false }`
[INFO] [stdout] 76c6f04acbd61304521636c5ac29c5a94d9e80a91421782997d2415709e67da0
[INFO] running `Command { std: "docker" "create" "-v" "/var/lib/crater-agent-workspace/builds/worker-7/target:/opt/rustwide/target:rw,Z" "-v" "/var/lib/crater-agent-workspace/builds/worker-7/source:/opt/rustwide/workdir:ro,Z" "-v" "/var/lib/crater-agent-workspace/cargo-home:/opt/rustwide/cargo-home:ro,Z" "-v" "/var/lib/crater-agent-workspace/rustup-home:/opt/rustwide/rustup-home:ro,Z" "-e" "SOURCE_DIR=/opt/rustwide/workdir" "-e" "CARGO_TARGET_DIR=/opt/rustwide/target" "-e" "CARGO_INCREMENTAL=0" "-e" "RUST_BACKTRACE=full" "-e" "RUSTFLAGS=--cap-lints=forbid" "-e" "CARGO_HOME=/opt/rustwide/cargo-home" "-e" "RUSTUP_HOME=/opt/rustwide/rustup-home" "-w" "/opt/rustwide/workdir" "-m" "1610612736" "--user" "0:0" "--network" "none" "rustops/crates-build-env@sha256:a636fd89d022f18117e1dc8fb37a0a009933cdbbe082814857f0e2024962d47c" "/opt/rustwide/cargo-home/bin/cargo" "+cfbc6d4cf1acbac5c025acf8ed68929caa551df3" "check" "--frozen" "--all" "--all-targets" "--message-format=json", kill_on_drop: false }`
[INFO] [stdout] a65bb7441ac376a0f9bdbffb82a452763f096e211bc0e36179c0bbfe17f5270b
[INFO] [stderr] WARNING: Your kernel does not support swap limit capabilities or the cgroup is not mounted. Memory limited without swap.
[INFO] running `Command { std: "docker" "start" "-a" "a65bb7441ac376a0f9bdbffb82a452763f096e211bc0e36179c0bbfe17f5270b", kill_on_drop: false }`
[INFO] [stderr]    Compiling libc v0.2.69
[INFO] [stderr]    Compiling proc-macro2 v1.0.12
[INFO] [stderr]    Compiling syn v1.0.19
[INFO] [stderr]    Compiling serde v1.0.110
[INFO] [stderr]    Compiling getrandom v0.1.14
[INFO] [stderr]    Compiling cfg-if v0.1.10
[INFO] [stderr]    Compiling memchr v2.3.3
[INFO] [stderr]    Compiling protobuf v2.14.0
[INFO] [stderr]     Checking futures-core v0.3.5
[INFO] [stderr]     Checking futures-sink v0.3.5
[INFO] [stderr]     Checking bytes v0.5.4
[INFO] [stderr]    Compiling remove_dir_all v0.5.2
[INFO] [stderr]     Checking smallvec v1.4.0
[INFO] [stderr]    Compiling proc-macro-nested v0.1.4
[INFO] [stderr]    Compiling proc-macro-hack v0.5.15
[INFO] [stderr]    Compiling same-file v1.0.6
[INFO] [stderr]     Checking once_cell v1.3.1
[INFO] [stderr]     Checking futures-io v0.3.5
[INFO] [stderr]    Compiling crc32fast v1.2.0
[INFO] [stderr]     Checking pin-utils v0.1.0
[INFO] [stderr]     Checking arc-swap v0.4.6
[INFO] [stderr]    Compiling unicode-segmentation v1.6.0
[INFO] [stderr]     Checking pin-project-lite v0.1.5
[INFO] [stderr]    Compiling version_check v0.9.1
[INFO] [stderr]     Checking ppv-lite86 v0.2.6
[INFO] [stderr]     Checking itoa v0.4.5
[INFO] [stderr]    Compiling byteorder v1.3.4
[INFO] [stderr]     Checking matches v0.1.8
[INFO] [stderr]    Compiling ryu v1.0.4
[INFO] [stderr]    Compiling adler32 v1.0.4
[INFO] [stderr]    Compiling glob v0.3.0
[INFO] [stderr]     Checking percent-encoding v2.1.0
[INFO] [stderr]     Checking regex-syntax v0.6.17
[INFO] [stderr]    Compiling podio v0.1.6
[INFO] [stderr]     Checking match_cfg v0.1.0
[INFO] [stderr]    Compiling strsim v0.9.3
[INFO] [stderr]    Compiling ident_case v1.0.1
[INFO] [stderr]    Compiling fnv v1.0.6
[INFO] [stderr]     Checking linked-hash-map v0.5.3
[INFO] [stderr]    Compiling quick-error v1.2.3
[INFO] [stderr]    Compiling unicode-width v0.1.7
[INFO] [stderr]    Compiling anyhow v1.0.28
[INFO] [stderr]    Compiling bindgen v0.53.2
[INFO] [stderr]    Compiling encoding_rs v0.8.22
[INFO] [stderr]    Compiling vec_map v0.8.2
[INFO] [stderr]    Compiling httparse v1.3.4
[INFO] [stderr]    Compiling strsim v0.8.0
[INFO] [stderr]    Compiling termcolor v1.1.0
[INFO] [stderr]    Compiling ansi_term v0.11.0
[INFO] [stderr]    Compiling lazycell v1.2.1
[INFO] [stderr]    Compiling shlex v0.1.1
[INFO] [stderr]    Compiling peeking_take_while v0.1.2
[INFO] [stderr]     Checking dtoa v0.4.5
[INFO] [stderr]    Compiling rustc-hash v1.1.0
[INFO] [stderr]     Checking mime v0.3.16
[INFO] [stderr]    Compiling arrayvec v0.4.12
[INFO] [stderr]     Checking language-tags v0.2.2
[INFO] [stderr]     Checking base64 v0.11.0
[INFO] [stderr]     Checking hex v0.4.2
[INFO] [stderr]     Checking base64 v0.12.1
[INFO] [stderr]     Checking nodrop v0.1.14
[INFO] [stderr]     Checking constant_time_eq v0.1.5
[INFO] [stderr]    Compiling unicode-xid v0.0.4
[INFO] [stderr]    Compiling quote v0.3.15
[INFO] [stderr]     Checking semver-parser v0.7.0
[INFO] [stderr]     Checking leb128 v0.2.4
[INFO] [stderr]     Checking subtle v2.2.2
[INFO] [stderr]     Checking arrayref v0.3.6
[INFO] [stderr]     Checking zeroize v1.1.0
[INFO] [stderr]    Compiling num-traits v0.2.11
[INFO] [stderr]    Compiling indexmap v1.3.2
[INFO] [stderr]     Checking thread_local v1.0.1
[INFO] [stderr]     Checking futures-channel v0.3.5
[INFO] [stderr]    Compiling walkdir v2.3.1
[INFO] [stderr]     Checking futures-task v0.3.5
[INFO] [stderr]     Checking unicode-normalization v0.1.12
[INFO] [stderr]     Checking unicode-bidi v0.3.4
[INFO] [stderr]    Compiling miniz_oxide v0.3.6
[INFO] [stderr]     Checking http v0.2.1
[INFO] [stderr]     Checking bytestring v0.1.5
[INFO] [stderr]    Compiling heck v0.3.1
[INFO] [stderr]    Compiling humantime v1.3.0
[INFO] [stderr]    Compiling textwrap v0.11.0
[INFO] [stderr]     Checking lru-cache v0.1.2
[INFO] [stderr]    Compiling nom v5.1.1
[INFO] [stderr]    Compiling proc-macro-error-attr v1.0.2
[INFO] [stderr]    Compiling proc-macro-error v1.0.2
[INFO] [stderr]    Compiling synom v0.11.3
[INFO] [stderr]    Compiling clang-sys v0.29.3
[INFO] [stderr]    Compiling log v0.4.8
[INFO] [stderr]    Compiling bitflags v1.2.1
[INFO] [stderr]     Checking crossbeam-utils v0.7.2
[INFO] [stderr]    Compiling syn v0.11.11
[INFO] [stderr]    Compiling protoc v2.14.0
[INFO] [stderr]     Checking aho-corasick v0.7.10
[INFO] [stderr]     Checking idna v0.2.0
[INFO] [stderr]     Checking fxhash v0.2.1
[INFO] [stderr]    Compiling quote v1.0.4
[INFO] [stderr]     Checking crossbeam-channel v0.4.2
[INFO] [stderr]     Checking crossbeam-epoch v0.8.2
[INFO] [stderr]     Checking crossbeam-queue v0.2.1
[INFO] [stderr]    Compiling jobserver v0.1.21
[INFO] [stderr]    Compiling time v0.1.43
[INFO] [stderr]    Compiling xattr v0.2.2
[INFO] [stderr]    Compiling flate2 v1.0.14
[INFO] [stderr]    Compiling filetime v0.2.10
[INFO] [stderr]    Compiling num_cpus v1.13.0
[INFO] [stderr]    Compiling atty v0.2.14
[INFO] [stderr]    Compiling which v3.1.1
[INFO] [stderr]     Checking iovec v0.1.4
[INFO] [stderr]     Checking net2 v0.2.34
[INFO] [stderr]     Checking signal-hook-registry v1.2.0
[INFO] [stderr]     Checking parking_lot_core v0.7.2
[INFO] [stderr]     Checking hostname v0.3.1
[INFO] [stderr]     Checking socket2 v0.3.12
[INFO] [stderr]     Checking rpassword v4.0.5
[INFO] [stderr]     Checking blake2-rfc v0.2.18
[INFO] [stderr]     Checking url v2.1.1
[INFO] [stderr]     Checking crossbeam-deque v0.7.3
[INFO] [stderr]    Compiling cc v1.0.52
[INFO] [stderr]     Checking num-integer v0.1.42
[INFO] [stderr]    Compiling rand_core v0.5.1
[INFO] [stderr]     Checking regex v1.3.7
[INFO] [stderr]    Compiling num-traits v0.1.43
[INFO] [stderr]    Compiling clap v2.33.0
[INFO] [stderr]    Compiling tar v0.4.26
[INFO] [stderr]     Checking mio v0.6.22
[INFO] [stderr]     Checking threadpool v1.8.0
[INFO] [stderr]     Checking resolv-conf v0.6.3
[INFO] [stderr]     Checking parking_lot v0.10.2
[INFO] [stderr]     Checking crossbeam v0.7.3
[INFO] [stderr]    Compiling rand_chacha v0.2.2
[INFO] [stderr]     Checking mio-uds v0.6.8
[INFO] [stderr]     Checking rand v0.7.3
[INFO] [stderr]     Checking env_logger v0.7.1
[INFO] [stderr]    Compiling cexpr v0.4.0
[INFO] [stderr]    Compiling enum-primitive-derive v0.1.2
[INFO] [stderr]    Compiling bzip2-sys v0.1.8+1.0.8
[INFO] [stderr]    Compiling backtrace-sys v0.1.37
[INFO] [stderr]    Compiling libloading v0.5.2
[INFO] [stderr]    Compiling brotli-sys v0.3.2
[INFO] [stderr]    Compiling clear_on_drop v0.2.3
[INFO] [stderr]     Checking uuid v0.8.1
[INFO] [stderr]     Checking tempfile v3.1.0
[INFO] [stderr]     Checking secret-tree v0.2.0
[INFO] [stderr]     Checking backtrace v0.3.46
[INFO] [stderr]    Compiling bzip2 v0.3.3
[INFO] [stderr]    Compiling zip v0.5.5
[INFO] [stderr]     Checking brotli2 v0.3.2
[INFO] [stderr]    Compiling exonum_libsodium-sys v0.0.23
[INFO] [stderr]    Compiling synstructure v0.12.3
[INFO] [stderr]    Compiling darling_core v0.10.2
[INFO] [stderr]    Compiling syn-mid v0.5.0
[INFO] [stderr]    Compiling serde_derive v1.0.110
[INFO] [stderr]    Compiling pin-project-internal v0.4.16
[INFO] [stderr]    Compiling futures-macro v0.3.5
[INFO] [stderr]    Compiling tokio-macros v0.2.5
[INFO] [stderr]    Compiling derive_more v0.99.5
[INFO] [stderr]    Compiling actix-macros v0.1.1
[INFO] [stderr]    Compiling failure_derive v0.1.8
[INFO] [stderr]    Compiling async-trait v0.1.30
[INFO] [stderr]    Compiling enum-as-inner v0.3.2
[INFO] [stderr]    Compiling thiserror-impl v1.0.16
[INFO] [stderr]    Compiling actix-web-codegen v0.2.1
[INFO] [stderr]    Compiling ctor v0.1.14
[INFO] [stderr]    Compiling actix_derive v0.5.0
[INFO] [stderr]     Checking tokio v0.2.20
[INFO] [stderr]     Checking failure v0.1.8
[INFO] [stderr]    Compiling structopt-derive v0.4.7
[INFO] [stderr]    Compiling darling_macro v0.10.2
[INFO] [stderr]     Checking thiserror v1.0.16
[INFO] [stderr]    Compiling darling v0.10.2
[INFO] [stderr]     Checking pin-project v0.4.16
[INFO] [stderr]     Checking futures-util v0.3.5
[INFO] [stderr]    Compiling librocksdb-sys v6.7.4
[INFO] [stderr]     Checking structopt v0.3.14
[INFO] [stderr]     Checking actix-threadpool v0.3.1
[INFO] [stderr]     Checking tokio-util v0.2.0
[INFO] [stderr]     Checking tokio-util v0.3.1
[INFO] [stderr]     Checking actix-codec v0.2.0
[INFO] [stderr]     Checking futures-executor v0.3.5
[INFO] [stderr]     Checking actix-service v1.0.5
[INFO] [stderr]     Checking actix-rt v1.1.1
[INFO] [stderr]     Checking h2 v0.2.5
[INFO] [stderr]     Checking futures v0.3.5
[INFO] [stderr]     Checking trust-dns-proto v0.18.0-alpha.2
[INFO] [stderr]     Checking futures-retry v0.5.0
[INFO] [stderr]     Checking actix-utils v1.0.6
[INFO] [stderr]     Checking actix-server v1.0.2
[INFO] [stderr]     Checking actix-tls v1.0.0
[INFO] [stderr]     Checking actix-testing v1.0.0
[INFO] [stderr]     Checking trust-dns-resolver v0.18.0-alpha.2
[INFO] [stderr]     Checking chrono v0.4.11
[INFO] [stderr]     Checking serde_json v1.0.53
[INFO] [stderr]     Checking serde_urlencoded v0.6.1
[INFO] [stderr]     Checking base64-serde v0.5.1
[INFO] [stderr]     Checking exonum_sodiumoxide v0.0.23
[INFO] [stderr]     Checking hex-buffer-serde v0.2.1
[INFO] [stderr]     Checking actix-router v0.2.4
[INFO] [stderr]     Checking rust_decimal v1.5.0
[INFO] [stderr]     Checking toml v0.5.6
[INFO] [stderr]     Checking serde_str v0.1.0
[INFO] [stderr]     Checking semver v0.9.0
[INFO] [stderr]     Checking os_info v2.0.4
[INFO] [stderr]     Checking actix-connect v1.0.2
[INFO] [stderr]     Checking actix-http v1.0.1
[INFO] [stderr]     Checking pwbox v0.3.0
[INFO] [stderr]    Compiling rustc_version v0.2.3
[INFO] [stderr]    Compiling exonum-derive v1.0.0
[INFO] [stderr]    Compiling snow v0.6.2
[INFO] [stderr]     Checking awc v1.0.1
[INFO] [stderr]     Checking actix v0.9.0
[INFO] [stderr] The following warnings were emitted during compilation:
[INFO] [stderr] 
[INFO] [stderr] warning: c++: fatal error: Killed signal terminated program cc1plus
[INFO] [stderr] warning: compilation terminated.
[INFO] [stderr] warning: c++: fatal error: Killed signal terminated program cc1plus
[INFO] [stderr] warning: compilation terminated.
[INFO] [stderr] warning: c++: fatal error: Killed signal terminated program cc1plus
[INFO] [stderr] warning: compilation terminated.
[INFO] [stderr] warning: c++: fatal error: Killed signal terminated program cc1plus
[INFO] [stderr] warning: compilation terminated.
[INFO] [stderr] warning: c++: fatal error: Killed signal terminated program cc1plus
[INFO] [stderr] warning: compilation terminated.
[INFO] [stderr] warning: c++: fatal error: Killed signal terminated program cc1plus
[INFO] [stderr] warning: compilation terminated.
[INFO] [stderr] 
[INFO] [stderr] error: failed to run custom build command for `librocksdb-sys v6.7.4`
[INFO] [stderr] 
[INFO] [stderr] Caused by:
[INFO] [stderr]   process didn't exit successfully: `/opt/rustwide/target/debug/build/librocksdb-sys-612a58733c890ca5/build-script-build` (exit code: 1)
[INFO] [stderr]   --- stdout
[INFO] [stderr]   cargo:rerun-if-changed=build.rs
[INFO] [stderr]   cargo:rerun-if-changed=rocksdb/
[INFO] [stderr]   TARGET = Some("x86_64-unknown-linux-gnu")
[INFO] [stderr]   OPT_LEVEL = Some("0")
[INFO] [stderr]   HOST = Some("x86_64-unknown-linux-gnu")
[INFO] [stderr]   CXX_x86_64-unknown-linux-gnu = None
[INFO] [stderr]   CXX_x86_64_unknown_linux_gnu = None
[INFO] [stderr]   HOST_CXX = None
[INFO] [stderr]   CXX = None
[INFO] [stderr]   CXXFLAGS_x86_64-unknown-linux-gnu = None
[INFO] [stderr]   CXXFLAGS_x86_64_unknown_linux_gnu = None
[INFO] [stderr]   HOST_CXXFLAGS = None
[INFO] [stderr]   CXXFLAGS = None
[INFO] [stderr]   CRATE_CC_NO_DEFAULTS = None
[INFO] [stderr]   DEBUG = Some("true")
[INFO] [stderr]   CARGO_CFG_TARGET_FEATURE = Some("fxsr,sse,sse2")
[INFO] [stderr]   CXX_x86_64-unknown-linux-gnu = None
[INFO] [stderr]   CXX_x86_64_unknown_linux_gnu = None
[INFO] [stderr]   HOST_CXX = None
[INFO] [stderr]   CXX = None
[INFO] [stderr]   CXXFLAGS_x86_64-unknown-linux-gnu = None
[INFO] [stderr]   CXXFLAGS_x86_64_unknown_linux_gnu = None
[INFO] [stderr]   HOST_CXXFLAGS = None
[INFO] [stderr]   CXXFLAGS = None
[INFO] [stderr]   CRATE_CC_NO_DEFAULTS = None
[INFO] [stderr]   CARGO_CFG_TARGET_FEATURE = Some("fxsr,sse,sse2")
[INFO] [stderr]   CXX_x86_64-unknown-linux-gnu = None
[INFO] [stderr]   CXX_x86_64_unknown_linux_gnu = None
[INFO] [stderr]   HOST_CXX = None
[INFO] [stderr]   CXX = None
[INFO] [stderr]   CXXFLAGS_x86_64-unknown-linux-gnu = None
[INFO] [stderr]   CXXFLAGS_x86_64_unknown_linux_gnu = None
[INFO] [stderr]   HOST_CXXFLAGS = None
[INFO] [stderr]   CXXFLAGS = None
[INFO] [stderr]   CRATE_CC_NO_DEFAULTS = None
[INFO] [stderr]   CARGO_CFG_TARGET_FEATURE = Some("fxsr,sse,sse2")
[INFO] [stderr]   CXX_x86_64-unknown-linux-gnu = None
[INFO] [stderr]   CXX_x86_64_unknown_linux_gnu = None
[INFO] [stderr]   HOST_CXX = None
[INFO] [stderr]   CXX = None
[INFO] [stderr]   CXXFLAGS_x86_64-unknown-linux-gnu = None
[INFO] [stderr]   CXXFLAGS_x86_64_unknown_linux_gnu = None
[INFO] [stderr]   HOST_CXXFLAGS = None
[INFO] [stderr]   CXXFLAGS = None
[INFO] [stderr]   CRATE_CC_NO_DEFAULTS = None
[INFO] [stderr]   CARGO_CFG_TARGET_FEATURE = Some("fxsr,sse,sse2")
[INFO] [stderr]   CXX_x86_64-unknown-linux-gnu = None
[INFO] [stderr]   CXX_x86_64_unknown_linux_gnu = None
[INFO] [stderr]   HOST_CXX = None
[INFO] [stderr]   CXX = None
[INFO] [stderr]   CXXFLAGS_x86_64-unknown-linux-gnu = None
[INFO] [stderr]   CXXFLAGS_x86_64_unknown_linux_gnu = None
[INFO] [stderr]   HOST_CXXFLAGS = None
[INFO] [stderr]   CXXFLAGS = None
[INFO] [stderr]   CRATE_CC_NO_DEFAULTS = None
[INFO] [stderr]   CARGO_CFG_TARGET_FEATURE = Some("fxsr,sse,sse2")
[INFO] [stderr]   running: "c++" "-O0" "-ffunction-sections" "-fdata-sections" "-fPIC" "-g" "-fno-omit-frame-pointer" "-m64" "-I" "rocksdb/include/" "-I" "rocksdb/" "-I" "rocksdb/third-party/gtest-1.8.1/fused-src/" "-I" "snappy/" "-I" "." "-Wall" "-Wextra" "-std=c++11" "-Wno-unused-parameter" "-msse2" "-msse4.1" "-msse4.2" "-mpclmul" "-DSNAPPY=1" "-DNDEBUG=1" "-DHAVE_PCLMUL=1" "-DHAVE_SSE42=1" "-DOS_LINUX=1" "-DROCKSDB_PLATFORM_POSIX=1" "-DROCKSDB_LIB_IO_POSIX=1" "-o" "/opt/rustwide/target/debug/build/librocksdb-sys-923a607f65eff044/out/rocksdb/cache/lru_cache.o" "-c" "rocksdb/cache/lru_cache.cc"
[INFO] [stderr]   running: "c++" "-O0" "-ffunction-sections" "-fdata-sections" "-fPIC" "-g" "-fno-omit-frame-pointer" "-m64" "-I" "rocksdb/include/" "-I" "rocksdb/" "-I" "rocksdb/third-party/gtest-1.8.1/fused-src/" "-I" "snappy/" "-I" "." "-Wall" "-Wextra" "-std=c++11" "-Wno-unused-parameter" "-msse2" "-msse4.1" "-msse4.2" "-mpclmul" "-DSNAPPY=1" "-DNDEBUG=1" "-DHAVE_PCLMUL=1" "-DHAVE_SSE42=1" "-DOS_LINUX=1" "-DROCKSDB_PLATFORM_POSIX=1" "-DROCKSDB_LIB_IO_POSIX=1" "-o" "/opt/rustwide/target/debug/build/librocksdb-sys-923a607f65eff044/out/rocksdb/cache/clock_cache.o" "-c" "rocksdb/cache/clock_cache.cc"
[INFO] [stderr]   running: "c++" "-O0" "-ffunction-sections" "-fdata-sections" "-fPIC" "-g" "-fno-omit-frame-pointer" "-m64" "-I" "rocksdb/include/" "-I" "rocksdb/" "-I" "rocksdb/third-party/gtest-1.8.1/fused-src/" "-I" "snappy/" "-I" "." "-Wall" "-Wextra" "-std=c++11" "-Wno-unused-parameter" "-msse2" "-msse4.1" "-msse4.2" "-mpclmul" "-DSNAPPY=1" "-DNDEBUG=1" "-DHAVE_PCLMUL=1" "-DHAVE_SSE42=1" "-DOS_LINUX=1" "-DROCKSDB_PLATFORM_POSIX=1" "-DROCKSDB_LIB_IO_POSIX=1" "-o" "/opt/rustwide/target/debug/build/librocksdb-sys-923a607f65eff044/out/rocksdb/db/c.o" "-c" "rocksdb/db/c.cc"
[INFO] [stderr]   running: "c++" "-O0" "-ffunction-sections" "-fdata-sections" "-fPIC" "-g" "-fno-omit-frame-pointer" "-m64" "-I" "rocksdb/include/" "-I" "rocksdb/" "-I" "rocksdb/third-party/gtest-1.8.1/fused-src/" "-I" "snappy/" "-I" "." "-Wall" "-Wextra" "-std=c++11" "-Wno-unused-parameter" "-msse2" "-msse4.1" "-msse4.2" "-mpclmul" "-DSNAPPY=1" "-DNDEBUG=1" "-DHAVE_PCLMUL=1" "-DHAVE_SSE42=1" "-DOS_LINUX=1" "-DROCKSDB_PLATFORM_POSIX=1" "-DROCKSDB_LIB_IO_POSIX=1" "-o" "/opt/rustwide/target/debug/build/librocksdb-sys-923a607f65eff044/out/rocksdb/db/compacted_db_impl.o" "-c" "rocksdb/db/compacted_db_impl.cc"
[INFO] [stderr]   running: "c++" "-O0" "-ffunction-sections" "-fdata-sections" "-fPIC" "-g" "-fno-omit-frame-pointer" "-m64" "-I" "rocksdb/include/" "-I" "rocksdb/" "-I" "rocksdb/third-party/gtest-1.8.1/fused-src/" "-I" "snappy/" "-I" "." "-Wall" "-Wextra" "-std=c++11" "-Wno-unused-parameter" "-msse2" "-msse4.1" "-msse4.2" "-mpclmul" "-DSNAPPY=1" "-DNDEBUG=1" "-DHAVE_PCLMUL=1" "-DHAVE_SSE42=1" "-DOS_LINUX=1" "-DROCKSDB_PLATFORM_POSIX=1" "-DROCKSDB_LIB_IO_POSIX=1" "-o" "/opt/rustwide/target/debug/build/librocksdb-sys-923a607f65eff044/out/rocksdb/cache/sharded_cache.o" "-c" "rocksdb/cache/sharded_cache.cc"
[INFO] [stderr]   running: "c++" "-O0" "-ffunction-sections" "-fdata-sections" "-fPIC" "-g" "-fno-omit-frame-pointer" "-m64" "-I" "rocksdb/include/" "-I" "rocksdb/" "-I" "rocksdb/third-party/gtest-1.8.1/fused-src/" "-I" "snappy/" "-I" "." "-Wall" "-Wextra" "-std=c++11" "-Wno-unused-parameter" "-msse2" "-msse4.1" "-msse4.2" "-mpclmul" "-DSNAPPY=1" "-DNDEBUG=1" "-DHAVE_PCLMUL=1" "-DHAVE_SSE42=1" "-DOS_LINUX=1" "-DROCKSDB_PLATFORM_POSIX=1" "-DROCKSDB_LIB_IO_POSIX=1" "-o" "/opt/rustwide/target/debug/build/librocksdb-sys-923a607f65eff044/out/rocksdb/db/column_family.o" "-c" "rocksdb/db/column_family.cc"
[INFO] [stderr]   running: "c++" "-O0" "-ffunction-sections" "-fdata-sections" "-fPIC" "-g" "-fno-omit-frame-pointer" "-m64" "-I" "rocksdb/include/" "-I" "rocksdb/" "-I" "rocksdb/third-party/gtest-1.8.1/fused-src/" "-I" "snappy/" "-I" "." "-Wall" "-Wextra" "-std=c++11" "-Wno-unused-parameter" "-msse2" "-msse4.1" "-msse4.2" "-mpclmul" "-DSNAPPY=1" "-DNDEBUG=1" "-DHAVE_PCLMUL=1" "-DHAVE_SSE42=1" "-DOS_LINUX=1" "-DROCKSDB_PLATFORM_POSIX=1" "-DROCKSDB_LIB_IO_POSIX=1" "-o" "/opt/rustwide/target/debug/build/librocksdb-sys-923a607f65eff044/out/rocksdb/db/arena_wrapped_db_iter.o" "-c" "rocksdb/db/arena_wrapped_db_iter.cc"
[INFO] [stderr]   running: "c++" "-O0" "-ffunction-sections" "-fdata-sections" "-fPIC" "-g" "-fno-omit-frame-pointer" "-m64" "-I" "rocksdb/include/" "-I" "rocksdb/" "-I" "rocksdb/third-party/gtest-1.8.1/fused-src/" "-I" "snappy/" "-I" "." "-Wall" "-Wextra" "-std=c++11" "-Wno-unused-parameter" "-msse2" "-msse4.1" "-msse4.2" "-mpclmul" "-DSNAPPY=1" "-DNDEBUG=1" "-DHAVE_PCLMUL=1" "-DHAVE_SSE42=1" "-DOS_LINUX=1" "-DROCKSDB_PLATFORM_POSIX=1" "-DROCKSDB_LIB_IO_POSIX=1" "-o" "/opt/rustwide/target/debug/build/librocksdb-sys-923a607f65eff044/out/rocksdb/db/builder.o" "-c" "rocksdb/db/builder.cc"
[INFO] [stderr]   running: "c++" "-O0" "-ffunction-sections" "-fdata-sections" "-fPIC" "-g" "-fno-omit-frame-pointer" "-m64" "-I" "rocksdb/include/" "-I" "rocksdb/" "-I" "rocksdb/third-party/gtest-1.8.1/fused-src/" "-I" "snappy/" "-I" "." "-Wall" "-Wextra" "-std=c++11" "-Wno-unused-parameter" "-msse2" "-msse4.1" "-msse4.2" "-mpclmul" "-DSNAPPY=1" "-DNDEBUG=1" "-DHAVE_PCLMUL=1" "-DHAVE_SSE42=1" "-DOS_LINUX=1" "-DROCKSDB_PLATFORM_POSIX=1" "-DROCKSDB_LIB_IO_POSIX=1" "-o" "/opt/rustwide/target/debug/build/librocksdb-sys-923a607f65eff044/out/rocksdb/db/compaction/compaction.o" "-c" "rocksdb/db/compaction/compaction.cc"
[INFO] [stderr]   exit code: 0
[INFO] [stderr]   running: "c++" "-O0" "-ffunction-sections" "-fdata-sections" "-fPIC" "-g" "-fno-omit-frame-pointer" "-m64" "-I" "rocksdb/include/" "-I" "rocksdb/" "-I" "rocksdb/third-party/gtest-1.8.1/fused-src/" "-I" "snappy/" "-I" "." "-Wall" "-Wextra" "-std=c++11" "-Wno-unused-parameter" "-msse2" "-msse4.1" "-msse4.2" "-mpclmul" "-DSNAPPY=1" "-DNDEBUG=1" "-DHAVE_PCLMUL=1" "-DHAVE_SSE42=1" "-DOS_LINUX=1" "-DROCKSDB_PLATFORM_POSIX=1" "-DROCKSDB_LIB_IO_POSIX=1" "-o" "/opt/rustwide/target/debug/build/librocksdb-sys-923a607f65eff044/out/rocksdb/db/compaction/compaction_iterator.o" "-c" "rocksdb/db/compaction/compaction_iterator.cc"
[INFO] [stderr]   exit code: 0
[INFO] [stderr]   running: "c++" "-O0" "-ffunction-sections" "-fdata-sections" "-fPIC" "-g" "-fno-omit-frame-pointer" "-m64" "-I" "rocksdb/include/" "-I" "rocksdb/" "-I" "rocksdb/third-party/gtest-1.8.1/fused-src/" "-I" "snappy/" "-I" "." "-Wall" "-Wextra" "-std=c++11" "-Wno-unused-parameter" "-msse2" "-msse4.1" "-msse4.2" "-mpclmul" "-DSNAPPY=1" "-DNDEBUG=1" "-DHAVE_PCLMUL=1" "-DHAVE_SSE42=1" "-DOS_LINUX=1" "-DROCKSDB_PLATFORM_POSIX=1" "-DROCKSDB_LIB_IO_POSIX=1" "-o" "/opt/rustwide/target/debug/build/librocksdb-sys-923a607f65eff044/out/rocksdb/db/compaction/compaction_job.o" "-c" "rocksdb/db/compaction/compaction_job.cc"
[INFO] [stderr]   exit code: 0
[INFO] [stderr]   cargo:warning=c++: fatal error: Killed signal terminated program cc1plus
[INFO] [stderr]   cargo:warning=compilation terminated.
[INFO] [stderr]   cargo:warning=c++: fatal error: Killed signal terminated program cc1plus
[INFO] [stderr]   cargo:warning=compilation terminated.
[INFO] [stderr]   exit code: 1
[INFO] [stderr]   exit code: 1
[INFO] [stderr]   running: "c++" "-O0" "-ffunction-sections" "-fdata-sections" "-fPIC" "-g" "-fno-omit-frame-pointer" "-m64" "-I" "rocksdb/include/" "-I" "rocksdb/" "-I" "rocksdb/third-party/gtest-1.8.1/fused-src/" "-I" "snappy/" "-I" "." "-Wall" "-Wextra" "-std=c++11" "-Wno-unused-parameter" "-msse2" "-msse4.1" "-msse4.2" "-mpclmul" "-DSNAPPY=1" "-DNDEBUG=1" "-DHAVE_PCLMUL=1" "-DHAVE_SSE42=1" "-DOS_LINUX=1" "-DROCKSDB_PLATFORM_POSIX=1" "-DROCKSDB_LIB_IO_POSIX=1" "-o" "/opt/rustwide/target/debug/build/librocksdb-sys-923a607f65eff044/out/rocksdb/db/compaction/compaction_picker.o" "-c" "rocksdb/db/compaction/compaction_picker.cc"
[INFO] [stderr]   cargo:warning=c++: fatal error: Killed signal terminated program cc1plus
[INFO] [stderr]   cargo:warning=compilation terminated.
[INFO] [stderr]   exit code: 1
[INFO] [stderr]   cargo:warning=c++: fatal error: Killed signal terminated program cc1plus
[INFO] [stderr]   cargo:warning=compilation terminated.
[INFO] [stderr]   exit code: 1
[INFO] [stderr]   cargo:warning=c++: fatal error: Killed signal terminated program cc1plus
[INFO] [stderr]   cargo:warning=compilation terminated.
[INFO] [stderr]   exit code: 1
[INFO] [stderr]   cargo:warning=c++: fatal error: Killed signal terminated program cc1plus
[INFO] [stderr]   cargo:warning=compilation terminated.
[INFO] [stderr]   exit code: 1
[INFO] [stderr]   exit code: 0
[INFO] [stderr]   exit code: 0
[INFO] [stderr]   exit code: 0
[INFO] [stderr] 
[INFO] [stderr]   --- stderr
[INFO] [stderr]   error: 'rustfmt' is not installed for the toolchain 'cfbc6d4cf1acbac5c025acf8ed68929caa551df3'
[INFO] [stderr]   To install, run `rustup component add rustfmt --toolchain cfbc6d4cf1acbac5c025acf8ed68929caa551df3`
[INFO] [stderr]   Failed to run rustfmt: Internal rustfmt error (non-fatal, continuing)
[INFO] [stderr] 
[INFO] [stderr] 
[INFO] [stderr]   error occurred: Command "c++" "-O0" "-ffunction-sections" "-fdata-sections" "-fPIC" "-g" "-fno-omit-frame-pointer" "-m64" "-I" "rocksdb/include/" "-I" "rocksdb/" "-I" "rocksdb/third-party/gtest-1.8.1/fused-src/" "-I" "snappy/" "-I" "." "-Wall" "-Wextra" "-std=c++11" "-Wno-unused-parameter" "-msse2" "-msse4.1" "-msse4.2" "-mpclmul" "-DSNAPPY=1" "-DNDEBUG=1" "-DHAVE_PCLMUL=1" "-DHAVE_SSE42=1" "-DOS_LINUX=1" "-DROCKSDB_PLATFORM_POSIX=1" "-DROCKSDB_LIB_IO_POSIX=1" "-o" "/opt/rustwide/target/debug/build/librocksdb-sys-923a607f65eff044/out/rocksdb/db/builder.o" "-c" "rocksdb/db/builder.cc" with args "c++" did not execute successfully (status code exit code: 1).
[INFO] [stderr] 
[INFO] [stderr] 
[INFO] [stderr] warning: build failed, waiting for other jobs to finish...
[INFO] [stderr] error: build failed
[INFO] running `Command { std: "docker" "inspect" "a65bb7441ac376a0f9bdbffb82a452763f096e211bc0e36179c0bbfe17f5270b", kill_on_drop: false }`
[INFO] running `Command { std: "docker" "rm" "-f" "a65bb7441ac376a0f9bdbffb82a452763f096e211bc0e36179c0bbfe17f5270b", kill_on_drop: false }`
[INFO] [stdout] a65bb7441ac376a0f9bdbffb82a452763f096e211bc0e36179c0bbfe17f5270b
